{"id":131822,"date":"2023-10-18T15:31:56","date_gmt":"2023-10-18T13:31:56","guid":{"rendered":"https:\/\/tvin.hr\/portfolio\/hotel-amare-zadar-%e2%98%85%e2%98%85%e2%98%85\/"},"modified":"2024-07-25T14:14:49","modified_gmt":"2024-07-25T12:14:49","slug":"hotel-amare-zadar-%e2%98%85%e2%98%85%e2%98%85","status":"publish","type":"portfolio","link":"https:\/\/tvin.hr\/de\/portfolio\/hotel-amare-zadar-%e2%98%85%e2%98%85%e2%98%85\/","title":{"rendered":"Hotel A\u2019mare Zadar | \u2605\u2605\u2605"},"content":{"rendered":"<div class=\"wpb-content-wrapper\"><p>[vc_row unlock_row_content=&#8220;yes&#8220; row_height_percent=&#8220;0&#8243; override_padding=&#8220;yes&#8220; h_padding=&#8220;3&#8243; top_padding=&#8220;3&#8243; bottom_padding=&#8220;3&#8243; overlay_alpha=&#8220;50&#8243; equal_height=&#8220;yes&#8220; gutter_size=&#8220;0&#8243; column_width_percent=&#8220;100&#8243; shift_y=&#8220;0&#8243; z_index=&#8220;0&#8243; uncode_shortcode_id=&#8220;861313&#8243;][vc_column column_width_use_pixel=&#8220;yes&#8220; position_horizontal=&#8220;left&#8220; position_vertical=&#8220;middle&#8220; gutter_size=&#8220;2&#8243; overlay_alpha=&#8220;50&#8243; shift_x=&#8220;0&#8243; shift_y=&#8220;0&#8243; shift_y_down=&#8220;0&#8243; z_index=&#8220;0&#8243; medium_width=&#8220;0&#8243; mobile_width=&#8220;0&#8243; width=&#8220;3\/6&#8243; uncode_shortcode_id=&#8220;211983&#8243;][vc_custom_heading heading_semantic=&#8220;h1&#8243; text_size=&#8220;h1&#8243; uncode_shortcode_id=&#8220;123352&#8243;]<strong>Hotel A\u2019mare Zadar<\/strong>[\/vc_custom_heading][vc_separator sep_color=&#8220;&#8220; uncode_shortcode_id=&#8220;128929&#8243;][vc_custom_heading heading_semantic=&#8220;h5&#8243; text_size=&#8220;h5&#8243; uncode_shortcode_id=&#8220;212484&#8243;]\u2605\u2605\u2605[\/vc_custom_heading][vc_separator sep_color=&#8220;&#8220; uncode_shortcode_id=&#8220;128929&#8243;][vc_custom_heading heading_semantic=&#8220;h1&#8243; text_size=&#8220;h1&#8243; uncode_shortcode_id=&#8220;208644&#8243;]Wir haben alle 115 Zimmer dieses Stadthotels ausgestattet, in dem sich auch das Apartment von Luka Modri\u0107 befindet.[\/vc_custom_heading][\/vc_column][vc_column width=&#8220;1\/6&#8243;][\/vc_column][vc_column width=&#8220;2\/6&#8243;][\/vc_column][\/vc_row][vc_row unlock_row_content=&#8220;yes&#8220; row_height_percent=&#8220;0&#8243; override_padding=&#8220;yes&#8220; h_padding=&#8220;3&#8243; top_padding=&#8220;3&#8243; bottom_padding=&#8220;0&#8243; overlay_alpha=&#8220;50&#8243; equal_height=&#8220;yes&#8220; gutter_size=&#8220;3&#8243; column_width_percent=&#8220;100&#8243; shift_y=&#8220;0&#8243; z_index=&#8220;0&#8243; uncode_shortcode_id=&#8220;197642&#8243;][vc_column column_width_percent=&#8220;100&#8243; position_vertical=&#8220;middle&#8220; gutter_size=&#8220;3&#8243; overlay_alpha=&#8220;50&#8243; shift_x=&#8220;0&#8243; shift_y=&#8220;0&#8243; shift_y_down=&#8220;0&#8243; z_index=&#8220;0&#8243; medium_width=&#8220;0&#8243; mobile_width=&#8220;0&#8243; width=&#8220;1\/1&#8243; uncode_shortcode_id=&#8220;208848&#8243;][vc_single_image media=&#8220;118187&#8243; media_width_percent=&#8220;100&#8243; uncode_shortcode_id=&#8220;151554&#8243;][\/vc_column][\/vc_row][vc_row unlock_row_content=&#8220;yes&#8220; row_height_percent=&#8220;0&#8243; override_padding=&#8220;yes&#8220; h_padding=&#8220;3&#8243; top_padding=&#8220;2&#8243; bottom_padding=&#8220;0&#8243; overlay_alpha=&#8220;50&#8243; equal_height=&#8220;yes&#8220; gutter_size=&#8220;3&#8243; column_width_percent=&#8220;100&#8243; shift_y=&#8220;0&#8243; z_index=&#8220;0&#8243; uncode_shortcode_id=&#8220;844666&#8243;][vc_column column_width_percent=&#8220;100&#8243; gutter_size=&#8220;3&#8243; overlay_alpha=&#8220;50&#8243; shift_x=&#8220;0&#8243; shift_y=&#8220;0&#8243; shift_y_down=&#8220;0&#8243; z_index=&#8220;0&#8243; medium_width=&#8220;0&#8243; mobile_width=&#8220;0&#8243; width=&#8220;3\/6&#8243; uncode_shortcode_id=&#8220;116654&#8243;][vc_single_image media=&#8220;118186&#8243; media_width_percent=&#8220;100&#8243; uncode_shortcode_id=&#8220;115270&#8243;][\/vc_column][vc_column column_width_percent=&#8220;100&#8243; gutter_size=&#8220;2&#8243; overlay_alpha=&#8220;50&#8243; shift_x=&#8220;0&#8243; shift_y=&#8220;0&#8243; shift_y_down=&#8220;0&#8243; z_index=&#8220;0&#8243; medium_width=&#8220;0&#8243; mobile_width=&#8220;0&#8243; width=&#8220;3\/6&#8243; uncode_shortcode_id=&#8220;627147&#8243;][vc_custom_heading heading_semantic=&#8220;h1&#8243; text_font=&#8220;font-15356211&#8243; text_size=&#8220;h1&#8243; uncode_shortcode_id=&#8220;146623&#8243;]Wir haben dieses Stadthotel im Zentrum des antiken Zadar komplett ausgestattet. Alle 115 Zimmer sowie das &#8222;Luka Modri\u0107 Apartment&#8220;, in dem er w\u00e4hrend des Exils mit seiner Familie wohnte.[\/vc_custom_heading][vc_column_text uncode_shortcode_id=&#8220;174974&#8243;]Planung, Herstellung, Transport, Montage und Bereitstellung aller M\u00f6bel f\u00fcr 115 Zimmer dieses modernisierten Hotels im Zentrum des antiken Zadar. Wir haben die komplette Einrichtung nach den W\u00fcnschen des Kunden realisiert, von T\u00fcren, Holzdekorationen und dekorativen Paneelen \u00fcber Schr\u00e4nke und Betten \u2013 bis hin zum letzten M\u00f6belst\u00fcck. [\/vc_column_text][\/vc_column][\/vc_row][vc_row unlock_row_content=&#8220;yes&#8220; row_height_percent=&#8220;0&#8243; override_padding=&#8220;yes&#8220; h_padding=&#8220;3&#8243; top_padding=&#8220;2&#8243; bottom_padding=&#8220;0&#8243; overlay_alpha=&#8220;50&#8243; equal_height=&#8220;yes&#8220; gutter_size=&#8220;3&#8243; column_width_percent=&#8220;100&#8243; shift_y=&#8220;0&#8243; z_index=&#8220;0&#8243; uncode_shortcode_id=&#8220;844666&#8243;][vc_column column_width_percent=&#8220;100&#8243; gutter_size=&#8220;3&#8243; overlay_alpha=&#8220;50&#8243; shift_x=&#8220;0&#8243; shift_y=&#8220;0&#8243; shift_y_down=&#8220;0&#8243; z_index=&#8220;0&#8243; medium_width=&#8220;0&#8243; mobile_width=&#8220;0&#8243; width=&#8220;1\/2&#8243; uncode_shortcode_id=&#8220;116654&#8243;][vc_row_inner][vc_column_inner width=&#8220;1\/2&#8243;][vc_single_image media=&#8220;118186&#8243; media_width_percent=&#8220;100&#8243; uncode_shortcode_id=&#8220;115270&#8243;][\/vc_column_inner][vc_column_inner width=&#8220;1\/2&#8243;][vc_single_image media=&#8220;118186&#8243; media_width_percent=&#8220;100&#8243; uncode_shortcode_id=&#8220;115270&#8243;][\/vc_column_inner][\/vc_row_inner][vc_row_inner][vc_column_inner width=&#8220;1\/1&#8243;][vc_single_image media=&#8220;118186&#8243; media_width_percent=&#8220;100&#8243; uncode_shortcode_id=&#8220;115270&#8243;][\/vc_column_inner][\/vc_row_inner][vc_row_inner][vc_column_inner column_width_percent=&#8220;100&#8243; gutter_size=&#8220;2&#8243; overlay_alpha=&#8220;50&#8243; shift_x=&#8220;0&#8243; shift_y=&#8220;0&#8243; shift_y_down=&#8220;0&#8243; z_index=&#8220;0&#8243; medium_width=&#8220;0&#8243; mobile_width=&#8220;0&#8243; width=&#8220;1\/1&#8243; uncode_shortcode_id=&#8220;721272&#8243;][vc_column_text uncode_shortcode_id=&#8220;318463&#8243;]<strong>200<\/strong> meister[\/vc_column_text][vc_separator sep_color=&#8220;&#8220; uncode_shortcode_id=&#8220;128929&#8243;][vc_column_text uncode_shortcode_id=&#8220;456022&#8243;]<strong>1500<\/strong> m\u00f6belst\u00fccke[\/vc_column_text][vc_separator sep_color=&#8220;&#8220; uncode_shortcode_id=&#8220;128929&#8243;][vc_column_text uncode_shortcode_id=&#8220;954057&#8243;]<strong>1900<\/strong> arbeitsstunden[\/vc_column_text][\/vc_column_inner][\/vc_row_inner][\/vc_column][vc_column width=&#8220;1\/2&#8243;][vc_single_image media=&#8220;118186&#8243; media_width_percent=&#8220;100&#8243; media_ratio=&#8220;nine-sixteen&#8220; uncode_shortcode_id=&#8220;160947&#8243;][\/vc_column][\/vc_row]<\/p>\n<\/div>","protected":false},"excerpt":{"rendered":"<p>Wir haben alle 115 Zimmer dieses Stadthotels ausgestattet, in dem sich auch das Apartment von Luka Modri\u0107 befindet. <\/p>\n","protected":false},"author":1,"featured_media":130796,"parent":0,"menu_order":4,"comment_status":"open","ping_status":"closed","template":"","meta":{"footnotes":""},"portfolio_category":[87],"class_list":["post-131822","portfolio","type-portfolio","status-publish","has-post-thumbnail","hentry","portfolio_category-projekte"],"acf":[],"_links":{"self":[{"href":"https:\/\/tvin.hr\/de\/wp-json\/wp\/v2\/portfolio\/131822","targetHints":{"allow":["GET"]}}],"collection":[{"href":"https:\/\/tvin.hr\/de\/wp-json\/wp\/v2\/portfolio"}],"about":[{"href":"https:\/\/tvin.hr\/de\/wp-json\/wp\/v2\/types\/portfolio"}],"author":[{"embeddable":true,"href":"https:\/\/tvin.hr\/de\/wp-json\/wp\/v2\/users\/1"}],"replies":[{"embeddable":true,"href":"https:\/\/tvin.hr\/de\/wp-json\/wp\/v2\/comments?post=131822"}],"version-history":[{"count":2,"href":"https:\/\/tvin.hr\/de\/wp-json\/wp\/v2\/portfolio\/131822\/revisions"}],"predecessor-version":[{"id":131824,"href":"https:\/\/tvin.hr\/de\/wp-json\/wp\/v2\/portfolio\/131822\/revisions\/131824"}],"wp:featuredmedia":[{"embeddable":true,"href":"https:\/\/tvin.hr\/de\/wp-json\/wp\/v2\/media\/130796"}],"wp:attachment":[{"href":"https:\/\/tvin.hr\/de\/wp-json\/wp\/v2\/media?parent=131822"}],"wp:term":[{"taxonomy":"portfolio_category","embeddable":true,"href":"https:\/\/tvin.hr\/de\/wp-json\/wp\/v2\/portfolio_category?post=131822"}],"curies":[{"name":"wp","href":"https:\/\/api.w.org\/{rel}","templated":true}]}}

<div class="wpb-content-wrapper"><p>[vc_row unlock_row_content=&#8220;yes&#8220; row_height_percent=&#8220;0&#8243; override_padding=&#8220;yes&#8220; h_padding=&#8220;3&#8243; top_padding=&#8220;3&#8243; bottom_padding=&#8220;3&#8243; overlay_alpha=&#8220;50&#8243; equal_height=&#8220;yes&#8220; gutter_size=&#8220;0&#8243; column_width_percent=&#8220;100&#8243; shift_y=&#8220;0&#8243; z_index=&#8220;0&#8243; uncode_shortcode_id=&#8220;861313&#8243;][vc_column column_width_use_pixel=&#8220;yes&#8220; position_horizontal=&#8220;left&#8220; position_vertical=&#8220;middle&#8220; gutter_size=&#8220;2&#8243; overlay_alpha=&#8220;50&#8243; shift_x=&#8220;0&#8243; shift_y=&#8220;0&#8243; shift_y_down=&#8220;0&#8243; z_index=&#8220;0&#8243; medium_width=&#8220;0&#8243; mobile_width=&#8220;0&#8243; width=&#8220;3/6&#8243; uncode_shortcode_id=&#8220;211983&#8243;][vc_custom_heading heading_semantic=&#8220;h1&#8243; text_size=&#8220;h1&#8243; uncode_shortcode_id=&#8220;123352&#8243;]<strong>Hotel A’mare Zadar</strong>[/vc_custom_heading][vc_separator sep_color=&#8220;&#8220; uncode_shortcode_id=&#8220;128929&#8243;][vc_custom_heading heading_semantic=&#8220;h5&#8243; text_size=&#8220;h5&#8243; uncode_shortcode_id=&#8220;212484&#8243;]★★★[/vc_custom_heading][vc_separator sep_color=&#8220;&#8220; uncode_shortcode_id=&#8220;128929&#8243;][vc_custom_heading heading_semantic=&#8220;h1&#8243; text_size=&#8220;h1&#8243; uncode_shortcode_id=&#8220;208644&#8243;]Wir haben alle 115 Zimmer dieses Stadthotels ausgestattet, in dem sich auch das Apartment von Luka Modrić befindet.[/vc_custom_heading][/vc_column][vc_column width=&#8220;1/6&#8243;][/vc_column][vc_column width=&#8220;2/6&#8243;][/vc_column][/vc_row][vc_row unlock_row_content=&#8220;yes&#8220; row_height_percent=&#8220;0&#8243; override_padding=&#8220;yes&#8220; h_padding=&#8220;3&#8243; top_padding=&#8220;3&#8243; bottom_padding=&#8220;0&#8243; overlay_alpha=&#8220;50&#8243; equal_height=&#8220;yes&#8220; gutter_size=&#8220;3&#8243; column_width_percent=&#8220;100&#8243; shift_y=&#8220;0&#8243; z_index=&#8220;0&#8243; uncode_shortcode_id=&#8220;197642&#8243;][vc_column column_width_percent=&#8220;100&#8243; position_vertical=&#8220;middle&#8220; gutter_size=&#8220;3&#8243; overlay_alpha=&#8220;50&#8243; shift_x=&#8220;0&#8243; shift_y=&#8220;0&#8243; shift_y_down=&#8220;0&#8243; z_index=&#8220;0&#8243; medium_width=&#8220;0&#8243; mobile_width=&#8220;0&#8243; width=&#8220;1/1&#8243; uncode_shortcode_id=&#8220;208848&#8243;][vc_single_image media=&#8220;118187&#8243; media_width_percent=&#8220;100&#8243; uncode_shortcode_id=&#8220;151554&#8243;][/vc_column][/vc_row][vc_row unlock_row_content=&#8220;yes&#8220; row_height_percent=&#8220;0&#8243; override_padding=&#8220;yes&#8220; h_padding=&#8220;3&#8243; top_padding=&#8220;2&#8243; bottom_padding=&#8220;0&#8243; overlay_alpha=&#8220;50&#8243; equal_height=&#8220;yes&#8220; gutter_size=&#8220;3&#8243; column_width_percent=&#8220;100&#8243; shift_y=&#8220;0&#8243; z_index=&#8220;0&#8243; uncode_shortcode_id=&#8220;844666&#8243;][vc_column column_width_percent=&#8220;100&#8243; gutter_size=&#8220;3&#8243; overlay_alpha=&#8220;50&#8243; shift_x=&#8220;0&#8243; shift_y=&#8220;0&#8243; shift_y_down=&#8220;0&#8243; z_index=&#8220;0&#8243; medium_width=&#8220;0&#8243; mobile_width=&#8220;0&#8243; width=&#8220;3/6&#8243; uncode_shortcode_id=&#8220;116654&#8243;][vc_single_image media=&#8220;118186&#8243; media_width_percent=&#8220;100&#8243; uncode_shortcode_id=&#8220;115270&#8243;][/vc_column][vc_column column_width_percent=&#8220;100&#8243; gutter_size=&#8220;2&#8243; overlay_alpha=&#8220;50&#8243; shift_x=&#8220;0&#8243; shift_y=&#8220;0&#8243; shift_y_down=&#8220;0&#8243; z_index=&#8220;0&#8243; medium_width=&#8220;0&#8243; mobile_width=&#8220;0&#8243; width=&#8220;3/6&#8243; uncode_shortcode_id=&#8220;627147&#8243;][vc_custom_heading heading_semantic=&#8220;h1&#8243; text_font=&#8220;font-15356211&#8243; text_size=&#8220;h1&#8243; uncode_shortcode_id=&#8220;146623&#8243;]Wir haben dieses Stadthotel im Zentrum des antiken Zadar komplett ausgestattet. Alle 115 Zimmer sowie das &#8222;Luka Modrić Apartment&#8220;, in dem er während des Exils mit seiner Familie wohnte.[/vc_custom_heading][vc_column_text uncode_shortcode_id=&#8220;174974&#8243;]Planung, Herstellung, Transport, Montage und Bereitstellung aller Möbel für 115 Zimmer dieses modernisierten Hotels im Zentrum des antiken Zadar. Wir haben die komplette Einrichtung nach den Wünschen des Kunden realisiert, von Türen, Holzdekorationen und dekorativen Paneelen über Schränke und Betten – bis hin zum letzten Möbelstück. [/vc_column_text][/vc_column][/vc_row][vc_row unlock_row_content=&#8220;yes&#8220; row_height_percent=&#8220;0&#8243; override_padding=&#8220;yes&#8220; h_padding=&#8220;3&#8243; top_padding=&#8220;2&#8243; bottom_padding=&#8220;0&#8243; overlay_alpha=&#8220;50&#8243; equal_height=&#8220;yes&#8220; gutter_size=&#8220;3&#8243; column_width_percent=&#8220;100&#8243; shift_y=&#8220;0&#8243; z_index=&#8220;0&#8243; uncode_shortcode_id=&#8220;844666&#8243;][vc_column column_width_percent=&#8220;100&#8243; gutter_size=&#8220;3&#8243; overlay_alpha=&#8220;50&#8243; shift_x=&#8220;0&#8243; shift_y=&#8220;0&#8243; shift_y_down=&#8220;0&#8243; z_index=&#8220;0&#8243; medium_width=&#8220;0&#8243; mobile_width=&#8220;0&#8243; width=&#8220;1/2&#8243; uncode_shortcode_id=&#8220;116654&#8243;][vc_row_inner][vc_column_inner width=&#8220;1/2&#8243;][vc_single_image media=&#8220;118186&#8243; media_width_percent=&#8220;100&#8243; uncode_shortcode_id=&#8220;115270&#8243;][/vc_column_inner][vc_column_inner width=&#8220;1/2&#8243;][vc_single_image media=&#8220;118186&#8243; media_width_percent=&#8220;100&#8243; uncode_shortcode_id=&#8220;115270&#8243;][/vc_column_inner][/vc_row_inner][vc_row_inner][vc_column_inner width=&#8220;1/1&#8243;][vc_single_image media=&#8220;118186&#8243; media_width_percent=&#8220;100&#8243; uncode_shortcode_id=&#8220;115270&#8243;][/vc_column_inner][/vc_row_inner][vc_row_inner][vc_column_inner column_width_percent=&#8220;100&#8243; gutter_size=&#8220;2&#8243; overlay_alpha=&#8220;50&#8243; shift_x=&#8220;0&#8243; shift_y=&#8220;0&#8243; shift_y_down=&#8220;0&#8243; z_index=&#8220;0&#8243; medium_width=&#8220;0&#8243; mobile_width=&#8220;0&#8243; width=&#8220;1/1&#8243; uncode_shortcode_id=&#8220;721272&#8243;][vc_column_text uncode_shortcode_id=&#8220;318463&#8243;]<strong>200</strong> meister[/vc_column_text][vc_separator sep_color=&#8220;&#8220; uncode_shortcode_id=&#8220;128929&#8243;][vc_column_text uncode_shortcode_id=&#8220;456022&#8243;]<strong>1500</strong> möbelstücke[/vc_column_text][vc_separator sep_color=&#8220;&#8220; uncode_shortcode_id=&#8220;128929&#8243;][vc_column_text uncode_shortcode_id=&#8220;954057&#8243;]<strong>1900</strong> arbeitsstunden[/vc_column_text][/vc_column_inner][/vc_row_inner][/vc_column][vc_column width=&#8220;1/2&#8243;][vc_single_image media=&#8220;118186&#8243; media_width_percent=&#8220;100&#8243; media_ratio=&#8220;nine-sixteen&#8220; uncode_shortcode_id=&#8220;160947&#8243;][/vc_column][/vc_row]</p>
</div>

<p>Wir haben alle 115 Zimmer dieses Stadthotels ausgestattet, in dem sich auch das Apartment von Luka Modrić befindet. </p>
